te the remainder when 79 is divided by 62.
17
Calculate the remainder when 8275 is divided by 49.
43
What is the remainder when 45 is divided by 16?
13
What is the remainder when 285 is divided by 70?
5
What is the remainder when 430 is divided by 36?
34
What is the remainder when 833 is divided by 83?
3
What is the remainder when 12442 is divided by 127?
123
What is the remainder when 3509 is divided by 16?
5
Calculate the remainder when 53 is divided by 29.
24
Calculate the remainder when 718 is divided by 28.
18
What is the remainder when 442 is divided by 74?
72
What is the remainder when 79 is divided by 19?
3
What is the remainder when 6684 is divided by 76?
72
Calculate the remainder when 303 is divided by 136.
31
Calculate the remainder when 8486 is divided by 137.
129
What is the remainder when 14288 is divided by 36?
32
What is the remainder when 99 is divided by 30?
9
Calculate the remainder when 2339 is divided by 12.
11
Calculate the remainder when 7791 is divided by 113.
107
What is the remainder when 2721 is divided by 52?
17
Calculate the remainder when 499 is divided by 77.
37
What is the remainder when 866 is divided by 273?
47
What is the remainder when 83 is divided by 34?
15
Calculate the remainder when 6535 is divided by 327.
322
What is the remainder when 133 is divided by 113?
20
What is the remainder when 76 is divided by 26?
24
Calculate the remainder when 109 is divided by 28.
25
What is the remainder when 2119 is divided by 351?
13
Calculate the remainder when 2253 is divided by 7.
6
What is the remainder when 67 is divided by 49?
18
What is the remainder when 1762 is divided by 77?
68
What is the remainder when 2261 is divided by 31?
29
Calculate the remainder when 228 is divided by 21.
18
What is the remainder when 629 is divided by 35?
34
Calculate the remainder when 1079 is divided by 31.
25
What is the remainder when 304 is divided by 9?
7
What is the remainder when 403 is divided by 23?
12
What is the remainder when 60 is divided by 34?
26
Calculate the remainder when 36 is divided by 33.
3
Calculate the remainder when 327 is divided by 92.
51
What is the remainder when 75 is divided by 59?
16
What is the remainder when 1539 is divided by 10?
9
Calculate the remainder when 122 is divided by 21.
17
What is the remainder when 464 is divided by 22?
2
What is the remainder when 521 is divided by 87?
86
What is the remainder when 372 is divided by 75?
72
What is the remainder when 2482 is divided by 178?
168
Calculate the remainder when 941 is divided by 219.
65
Calculate the remainder when 823 is divided by 11.
9
What is the remainder when 18141 is divided by 72?
69
Calculate the remainder when 5817 is divided by 41.
36
What is the remainder when 130 is divided by 35?
25
What is the remainder when 374 is divided by 180?
14
Calculate the remainder when 5570 is divided by 101.
15
Calculate the remainder when 2099 is divided by 81.
74
What is the remainder when 93 is divided by 35?
23
Calculate the remainder when 277 is divided by 44.
13
What is the remainder when 95 is divided by 16?
15
What is the remainder when 65 is divided by 6?
5
What is the remainder when 2217 is divided by 89?
81
Calculate the remainder when 54 is divided by 16.
6
What is the remainder when 1875 is divided by 620?
15
What is the remainder when 454 is divided by 184?
86
What is the remainder when 505 is divided by 8?
1
What is the remainder when 3759 is divided by 35?
14
Calculate the remainder when 182 is divided by 61.
60
What is the remainder when 857 is divided by 63?
38
What is the remainder when 333 is divided by 126?
81
Calculate the remainder when 69 is divided by 38.
31
Calculate the remainder when 5303 is divided by 8.
7
What is the remainder when 1069 is divided by 4?
1
What is the remainder when 1515 is divided by 215?
10
Calculate the remainder when 890 is divided by 169.
45
What is the remainder when 553 is divided by 109?
8
Calculate the remainder when 4392 is divided by 113.
98
Calculate the remainder when 480 is divided by 37.
36
Calculate the remainder when 6938 is divided by 62.
56
What is the remainder when 565 is divided by 103?
50
What is the remainder when 118 is divided by 27?
10
What is the remainder when 587 is divided by 104?
67
Calculate the remainder when 2575 is divided by 847.
34
What is the remainder when 32 is divided by 4?
0
Calculate the remainder when 12010 is divided by 22.
20
Calculate the remainder when 92 is divided by 40.
12
What is the remainder when 130 is divided by 6?
4
Calculate the remainder when 15274 is divided by 33.
28
What is the remainder when 226 is divided by 112?
2
What is the remainder when 325 is divided by 91?
52
What is the remainder when 7719 is divided by 593?
10
What is the remainder when 7693 is divided by 57?
55
Calculate the remainder when 782 is divided by 95.
22
What is the remainder when 6677 is divided by 126?
125
Calculate the remainder when 1292 is divided by 43.
2
What is the remainder when 154 is divided by 124?
30
Calculate the remainder when 2696 is divided by 71.
69
What is the remainder when 166 is divided by 53?
7
Calculate the remainder when 971 is divided by 41.
28
What is the remainder when 206 is divided by 42?
38
What is the remainder when 2417 is divided by 89?
14
What is the remainder when 84 is divided by 13?
6
What is the remainder when 489 is divided by 46?
29
Calculate the remainder when 494 is divided by 63.
53
Calculate the remainder when 19558 is divided by 30.
28
Calculate the remainder when 147 is divided by 87.
60
What is the remainder when 123 is divided by 63?
60
What is the remainder when 810 is divided by 58?
56
What is the remainder when 37 is divided by 9?
1
Calculate the remainder when 6 is divided by 6.
0
What is the remainder when 1660 is divided by 548?
16
What is the remainder when 141 is divided by 49?
43
What is the remainder when 960 is divided by 314?
18
What is the remainder when 314 is divided by 22?
6
What is the remainder when 590 is divided by 85?
80
What is the remainder when 2512 is divided by 70?
62
What is the remainder when 721 is divided by 62?
39
What is the remainder when 35 is divided by 25?
10
Calculate the remainder when 27 is divided by 8.
3
Calculate the remainder when 987 is divided by 55.
52
What is the remainder when 112 is divided by 29?
25
Calculate the remainder when 638 is divided by 64.
62
Calculate the remainder when 232 is divided by 49.
36
Calculate the remainder when 1230 is divided by 53.
11
What is the remainder when 57 is divided by 31?
26
What is the remainder when 16896 is divided by 277?
276
What is the remainder when 3804 is divided by 346?
344
Calculate the remainder when 227 is divided by 23.
20
Calculate the remainder when 67 is divided by 7.
4
Calculate the remainder when 876 is divided by 40.
36
What is the remainder when 14 is divided by 11?
3
What is the remainder when 216 is divided by 73?
70
Calculate the remainder when 5456 is divided by 210.
206
Calculate the remainder when 28559 is divided by 476.
475
Calculate the remainder when 263 is divided by 14.
11
Calculate the remainder when 584 is divided by 65.
64
What is the remainder when 10143 is divided by 178?
175
What is the remainder when 35 is divided by 32?
3
What is the remainder when 612 is divided by 130?
92
Calculate the remainder when 550 is divided by 18.
10
What is the remainder when 2881 is divided by 142?
41
Calculate the remainder when 599 is divided by 50.
49
What is the remainder when 55 is divided by 25?
5
Calculate the remainder when 170 is divided by 4.
2
Calculate the remainder when 172 is divided by 3.
1
What is the remainder when 8234 is divided by 29?
27
Calculate the remainder when 7845 is divided by 2611.
12
Calculate the remainder when 6675 is divided by 159.
156
What is the remainder when 24744 is divided by 219?
216
Calculate the remainder when 7127 is divided by 23.
20
Calculate the remainder when 924 is divided by 922.
2
What is the remainder when 175 is divided by 90?
85
Calculate the remainder when 183 is divided by 22.
7
What is the remainder when 9 is divided by 3?
0
Calculate the remainder when 133 is divided by 43.
4
Calculate the remainder when 3743 is divided by 232.
31
What is the remainder when